.
7
Let r = -437 + 463. What is the remainder when 46 is divided by r?
20
Let n = 34 - 8. Let m = 78 + n. What is the remainder when m is divided by ((-18)/21)/(4/(-28))*105/18?
34
Let n = 919 + -911. What is the remainder when 261 is divided by n?
5
Suppose 2*l + 3*q = -2*q + 50, 2*l + 2*q - 62 = 0. Let s = -28 + l. Calculate the remainder when 8 is divided by s.
1
Suppose -21*t = -3429 - 5559. Calculate the remainder when t is divided by 24.
20
Suppose 0 = -k - 2*f + 22, -4*k + 64 = -k + 4*f. Suppose 4*x = 5*q + k, -5*q - 7 - 13 = -5*x. What is the remainder when 43 is divided by q - (-3 + -26) - 2?
20
Let z = 216 - 199. Let a(i) = -i**2 - 9*i + 6. Suppose -5*q + 76 = -5*v + 16, 4*v = -5*q - 21. What is the remainder when z is divided by a(v)?
5
Let j(n) = 2*n**2 - 6*n + 1. Let c be j(-5). Let o = -16 + c. Suppose -4*u = -9*u + o. What is the remainder when 50 is divided by u?
11
Let l be -1*6 + -3 + 4. Let n = 61 - l. What is the remainder when n is divided by 17?
15
Let o = -8 + 29. Let a = -19 + o. Suppose -a*u = -4*l - 34, -3*u + 0*l + 2*l = -35. What is the remainder when 16 is divided by u?
7
Let f = -52 - -94. Suppose -5*z + i = -93, -f = -2*z - 0*z + 2*i. Let b = 18 + 17. What is the remainder when b is divided by z?
17
Suppose 0 = 3*o + 9 - 33. What is the remainder when 62 is divided by o?
6
Let g(w) = w**2 - 4*w + 1. Let r be g(4). Let c(z) = 3*z**3 - 1. Let t be c(r). Calculate the remainder when 107 is divided by (-106)/(-4) + 1/t.
26
Let a(o) = -o**2 - 4*o + 5. Let s be (-1)/(4/(-16))*-1. Let x be a(s). Let i(v) = 8*v - 1. Calculate the remainder when i(x) is divided by 21.
18
Let u(w) = 3*w**3 + 28*w**2 - 4*w - 7. What is the remainder when u(-9) is divided by 29?
23
Let v(q) be the second derivative of 0*q**2 - 2*q + 17/2*q**3 + 0. Calculate the remainder when v(2) is divided by 26.
24
Suppose -16*p + 2*v + 97 = -13*p, 161 = 5*p - 3*v. What is the remainder when p is divided by 16?
15
Suppose 4*p - 2*v - 424 = 0, 39*v - 40*v + 4 = 0. Calculate the remainder when 402 is divided by p.
78
Let s(o) = -o + 75. Calculate the remainder when s(9) is divided by 65.
1
Suppose 838 = 4*c + 2*l, -4*l = 112*c - 116*c + 856. What is the remainder when c is divided by 37?
26
Let h = 36 - 19. Let z be (-28)/(-56) + 116/(-8). Let d = z + h. What is the remainder when 10 is divided by d?
1
Let n = -252 - -250. Let a(p) = 6*p**2 + 3*p - 2 + 2. Calculate the remainder when a(n) is divided by 7.
4
Calculate the remainder when 431 is divided by -2 + 13/((-65)/(-550)).
107
Suppose -8*y + 2*y = -186. Let v = y - -1. Calculate the remainder when v is divided by 9 + 0 + (1 - -1).
10
Let h = 13 + 3. Let q be (-72)/(-15) + (-28)/35. Calculate the remainder when 66/(q + -3) - (0 + 3) is divided by h.
15
Let j = 10 + -8. Suppose -j*q = -4*b - 8, -q - 2*q + 8 = -2*b. What is the remainder when 7/3 + (-8)/(-12) is divided by q?
1
Let n(c) = -12*c - 76. Calculate the remainder when n(-13) is divided by 17.
12
Let a = 15 + 0. Let k = 31 + -29. Suppose k*z = n + 88, z - 3*n - 96 = -z. What is the remainder when z is divided by a?
12
Suppose -5*i - 5*x = -3*i - 870, 3*x = -4*i + 1768. Calculate the remainder when i is divided by 35.
25
Let x(z) = 2*z + 2. Let r be x(-10). Let o = r - -35. Let n = 44 + 22. Calculate the remainder when n is divided by o.
15
Suppose -11 = -7*f + 66. What is the remainder when (-4 + 2)*(-530)/20 is divided by f?
9
Suppose 374*j - 945 = 339*j. What is the remainder when 2/(-4)*-2 + 75 is divided by j?
22
Let l(d) = -d**3 - 23*d**2 + 52*d + 76. Calculate the remainder when 40 is divided by l(-25).
14
Let u = 567 + -508. Calculate the remainder when 289 is divided by u.
53
Let z(h) = -214 - 16*h + 214. Calculate the remainder when 30 is divided by z(-1).
14
Let y(f) = f**3 + 17*f**2 + 64*f + 2. Suppose 5*t + 2 = 17. What is the remainder when y(-6) is divided by t?
2
Let t(m) = -m**2 - 7*m - 7. Let k be t(-5). Suppose -s = -3*d + 40, -2*d + 23 + 0 = k*s. Calculate the remainder when 25 is divided by d.
12
Let g(u) = -16*u**3 + u**2 - u - 1. Suppose -5*w + 3*w - 2 = 0. Calculate the remainder when g(w) is divided by 9.
8
Let s be (-123)/(-7) + 21/49. Let o(c) = -s + 5 + 15 + 2*c. Calculate the remainder when 22 is divided by o(3).
6
Let k(h) = -16*h - 60. Calculate the remainder when k(-12) is divided by 34.
30
Let j(q) = -4 + 0*q**2 + q**3 + 2*q + 0*q**2 + 3*q**2 - 6*q**2. What is the remainder when 57 is divided by j(4)?
17
Suppose -3*g + 33 = 3. Let i = 606 + -378. What is the remainder when i is divided by g?
8
Let a(j) = 7*j**2 - 4*j - 11. Let i be a(5). Let t = -132 + i. What is the remainder when t is divided by (1 - 2)/((-1)/5)?
2
Let f be 1/(-5) + 598/65. Suppose 0 = c - f - 6. What is the remainder when c is divided by 6?
3
Suppose 0 = 2*l - 2, -9*z + 152 = -4*z + 2*l. Calculate the remainder when 114 is divided by z.
24
Calculate the remainder when 163 is divided by 1267/27 - 54/(-729).
22
Suppose -21*j = -25*j + 424. Calculate the remainder when j is divided by 22.
18
Let m(f) = -f**3 - 8*f**2 - 7*f. Let x be m(-7). Suppose -4*k - 5*r + 75 = 0, x*k + 50 = 3*k + 5*r. What is the remainder when k is divided by 14?
11
Suppose 5*f - 15 = -0*f. Suppose 2*z - 5 = 2*x + f*x, -3*z = 5*x - 20. Let v = x - -11. Calculate the remainder when 21 is divided by v.
9
Let v(h) = -h**2 + 34*h - 56. Calculate the remainder when v(25) is divided by 43.
40
Let g(s) = -s. Let a be g(2). Let k(m) = 200*m + 0 + 3*m**2 - 198*m - 2. Calculate the remainder when 15 is divided by k(a).
3
Let h = -8 - -1. Let d = h + 10. Let t = -7 + 11. Calculate the remainder when t is divided by d.
1
Let h(j) = -j + 33. Let a = 21 - 21. Calculate the remainder when 65 is divided by h(a).
32
Suppose 8*z - 3*z = 40. Let y = z - 0. Let w = 46 - 25. Calculate the remainder when w is divided by y.
5
Suppose -10*q + 5*q = -450. Suppose -8*b + 3*b + 5*w + q = 0, -3*b = -4*w - 54. What is the remainder when 159 is divided by b?
15
Let l(h) = h + 34. What is the remainder when 148 is divided by l(-12)?
16
Let g = 521 + -499. Suppose q = 43 - 6. What is the remainder when q is divided by g?
15
Let c be 2/(-4) - (-3)/(-12)*-42. What is the remainder when 209 is divided by (55 + c/2)/2?
29
Suppose 4*u + 6 = w - 22, 2*u = -4*w + 148. Let a = 327 + -184. Calculate the remainder when a is divided by w.
35
Let g be (-2)/(((-4)/(-48))/1). Let y be g - ((2 - 2) + 4). Let z = y + 34. Calculate the remainder when z is divided by 4.
2
Let x = -156 + 288. Let l be x/30 + 4/(-10). Suppose 5*v - 4*w = 423 + 26, 354 = l*v + 2*w. What is the remainder when v is divided by 23?
20
Let m = -9 - -10. Let o be -3 + (-7 - m)/(-4). Calculate the remainder when 10 is divided by (-8)/(-3) - o/3.
1
What is the remainder when -125*(1 + (-18)/10) is divided by ((-68)/(-6))/(9/((-54)/(-4)))?
15
Suppose 64 = 4*a + w, 5*a + 6*w = 4*w + 77. Calculate the remainder when 54 is divided by a.
3
Suppose -2*f - 129*a + 125*a + 42 = 0, -3*a = -2*f + 28. Calculate the remainder when 118 is divided by f.
16
Let y = -146 - -69. Let f = y - -89. What is the remainder when 69 is divided by f?
9
Let p be (-1)/((-45)/20 - -2). Suppose -p*g + 2*g - 21 = -v, 3*g = -6. Calculate the remainder when 32 is divided by v.
15
Let r = -9 + -22. Let h = 34 + r. Calculate the remainder when h is divided by 2.
1
Let b(x) = x**2 - 13*x - 54. Let g = -65 - -83. What is the remainder when b(g) is divided by 19?
17
Let g(x) = x**3 - x - 3. Suppose 3*c = c. Let r be g(c). Calculate the remainder when r/5 - 336/(-35) is divided by 4.
1
Let t = -93 + 61. Let g = 40 + t. Calculate the remainder when g is divided by 6.
2
Suppose 4*b - 13 = 3. What is the remainder when (-7 - -4 - 3)*-2 is divided by b?
0
Let f(p) = 2*p - 6. Let h be f(5). Suppose 4*l = x + 2*l - 15, -h*l - 57 = -5*x. What is the remainder when 43 is divided by x?
7
Let s = 29 + -14. Let z = 29 + -24. Calculate the remainder when s is divided by z.
0
Calculate the remainder when (-1)/(-2)*1 - (-1407)/14 is divided by 6.
5
Let r(y) = y**3 + 3*y**2 - 3*y + 46. Suppose 0 = -5*c + 527 - 102. What is the remainder when c is divided by r(-5)?
8
Let d = 3 - -26. Let p = 46 - d. Calculate the remainder when p is divided by 10.
7
Suppose 0 = 5*c + 12*u - 10*u - 192, 0 = u - 1. Calc